1 = 2*t - t. Let o be (p - (-27)/6)*(a - -4). Give i(o).
6
Let j be (-2)/(((-4)/(-5))/2). Let n = j + 4. Let v(x) = 106 + 103 + 101 - 441 - 6*x + 131. Give v(n).
6
Let a(p) be the first derivative of -p**4/24 + 4*p**3/3 - p**2/2 + 1. Let n(w) be the second derivative of a(w). Let t = 356 - 351. Calculate n(t).
3
Let w(r) = -r**3 + r**2 + 27*r + 53. Let t(m) = -m**3 - 6*m**2 + 28*m + 57. Let s(o) = -4*t(o) + 3*w(o). Give s(-28).
15
Let c = -11213 - -11204. Let d(f) = 2*f**2 + 14*f - 26. Give d(c).
10
Let t(b) = -b**2 - 4*b + 4 - 2 + 4. Let y(l) = 2*l**2 + 8*l - 66. Let f be y(-18). Let o = f + -444. What is t(o)?
-6
Let x(b) = b**2 + 18*b + 8. Suppose 245*f + 339 + 158 = 174*f. What is x(f)?
-69
Let c(z) = -84*z + 252. Let x be c(3). Let g(p) be the third derivative of -p**6/120 - p**4/24 - 23*p**3/6 - 18*p**2. Determine g(x).
-23
Let s(o) = 18*o**2 - 1. Let a = -180 + 185. Suppose k + 13 = -14*r + 11*r, a*k - 5*r - 15 = 0. Calculate s(k).
17
Let r be (105/(-75) - 4/(-10))*0. Suppose r*w - 3 = 3*w. Let t(m) = 0 - 2 - 5*m + 23*m + 1. What is t(w)?
-19
Suppose 1451*h - 1800 = 1511*h. Let m(r) = r**2 + 34*r + 153. Give m(h).
33
Suppose -2*z - a + 48 = -29, -4*a - 12 = 0. Suppose 0 = 29*f + 163 + z. Let g(v) = -2*v**2 - 16*v - 18. What is g(f)?
-4
Let h(s) be the third derivative of s**4/24 - s**3/2 - 11*s**2. Let n be h(1). Let d(j) = 12*j + 3 - 8*j - 2*j. Calculate d(n).
-1
Suppose 5*j = 0, j + 12 + 4 = -4*d. Let r(m) = 22*m - 26. Let w(i) = 18*i - 25. Let f(g) = d*r(g) + 5*w(g). Determine f(11).
1
Let b = -1 + -5. Let h be 2/(-20) + (-4 - 639/(-90)). Let a be (-3)/b*18/h. Let r(i) = i**2 - 2*i - 1. Determine r(a).
2
Let p(w) = -94*w. Let j(g) = -477*g + 1. Let q(r) = j(r) - 5*p(r). Calculate q(2).
-13
Let j(y) = -17*y**2 + 2*y + 118. Let b(g) = -3*g**2 + 22. Let o(u) = 11*b(u) - 2*j(u). Let l be 6/(-4 + 11/2). Determine o(l).
6
Let f(s) = -s**2 + 4*s + 11. Let x = 630 - 632. Give f(x).
-1
Let h(i) = 30 + 53*i - 130 + 34 + 28 + 37. Let u be 4/3 + 6/(-18). Calculate h(u).
52
Suppose 0*p = 4*a + 3*p - 8, a + 2*p = -3. Let b(m) = -m**3 - 2*m**2 + m - 1. Let v be b(-3). Suppose 20 = -a*g + v. Let u(d) = d**2 + 8*d + 4. Calculate u(g).
-11
Let y(d) = -d**2 - 5*d - 4. Let s = -167 + 167. Suppose -36 = 9*i - s*i. Determine y(i).
0
Suppose -18*h + 13*h + 40 = 0. Let d = -4 + h. Let o(s) = -93*s + d + 48*s + 48*s - s**2. Calculate o(-3).
-14
Let x(o) = -34*o + 37. Let g(r) = -106*r + 109. Let m(f) = -8*g(f) + 25*x(f). What is m(34)?
-15
Let i(d) = -4*d + 7. Let m(z) = -4*z + 7. Suppose -3*b - 9 = -3. Let p(a) = b*m(a) + 3*i(a). Let v(r) = 11*r - 20. Let x(u) = 17*p(u) + 6*v(u). Determine x(1).
-3
Let f(u) = 95 + 368 + 16*u + 72 - 108. Calculate f(-27).
-5
Let p(t) = -t**2 - 2*t + 1. Let v(d) = 4*d**2 + 19*d + 8. Let g be ((-2)/(-2) - 10)*2/6. Let x(f) = g*p(f) - v(f). What is x(-10)?
19
Let n(u) = u**3 + 4*u**2 - 6*u + 11. Suppose -97*s + 3506 = 3991. Determine n(s).
16
Let d(h) = 2*h. Suppose -193 - 74 = -17*t - 29. What is d(t)?
28
Let m = -1796 + 1788. Let a(z) be the second derivative of 5*z**2 + 5*z + 0 - 1/12*z**4 - 5/6*z**3. Give a(m).
-14
Let z be 61/(-7) + 6/(-21). Let l(j) be the second derivative of -9/2*j**2 - 2/3*j**4 + 0 + 4/3*j**3 - 1/20*j**5 + 103*j. Give l(z).
0
Let s be 4/(-18) + 29/9. Let r(h) be the second derivative of h**5/10 - h**4/4 - h**3/2 - h**2 - 937*h - 3. What is r(s)?
16
Let c(p) = -7*p - 1. Let o be c(-5). Let n = o + -34. Let v be (n - -1)*5/((-35)/(-49)). Let a(d) = d**2 - 7*d - 5. Calculate a(v).
-5
Let p(n) = 58*n - 51. Let t(k) = -11*k. Let o(a) = -p(a) - 5*t(a). What is o(22)?
-15
Let l(i) = 2*i - 7. Suppose 12*f + 50 = 17*f. Let b be 25/f*(-3 + 5). What is l(b)?
3
Suppose 0 = 2*z + 4*g + 14, 0 = 5*z - 0*z - 3*g - 30. Let i be (-5 + 14)*4/12. Let j(y) = 11 - 24 + 15 - i*y. Give j(z).
-7
Let w(l) = -29*l**2 + 14*l + 69. Let y(u) = -11*u**2 + 6*u + 23. Let b(h) = -3*w(h) + 8*y(h). Give b(3).
-14
Let a(o) be the third derivative of o**6/120 + o**5/20 - 5*o**4/24 - 7*o**3/6 + 213*o**2. Let t be a(-3). Let v(s) = -s**3 + 9*s**2 - 13*s + 11. Give v(t).
-29
Suppose 2*n - 12 = -3*c - n, -2*c - 4*n + 12 = 0. Suppose -39 = -11*f - c*f. Let v(p) = -p**2 + 2*p - 3. Give v(f).
-6
Let f(r) be the first derivative of r**4/4 + 7*r**3/3 - 6*r**2 - 25*r + 3671. Calculate f(-8).
7
Let n = 4 - 3. Let z(w) = w - 3*w + n - 3*w + 1. Let m(a) = -3*a**2 + 81*a - 381. Let i be m(21). Calculate z(i).
17
Suppose 35*k = 30*k + 45. Suppose 0 = 5*t - 16 - k. Let h(x) = -x**3 + 6*x**2 - 7*x + 7. Determine h(t).
-3
Let y(v) = v**2 + 7*v + 3. Suppose -2*q - 2*q = 1440. Let l = 352 + q. Give y(l).
11
Let p be (2/6 + 77/(-33))/(-2). Suppose 5*m - 3*t - p = 2, -5*m + t + 11 = 0. Let q(h) be the third derivative of -h**4/24 + 2*h**3/3 - h**2. Give q(m).
1
Suppose -5*n = -2*a - 8, 0 = 13*n - 8*n + 5*a + 20. Let p(t) = -t**3 - t**2 - t + 89. Calculate p(n).
89
Let h(x) = x**3 - 7*x**2 + 3*x - 4. Let i(y) = 2*y**3 + 4*y**2 - 6*y - 1. Let b be i(-5). Let n = b - -123. Suppose 4*u = -n*u + 36. Give h(u).
-22
Let n(k) = 10*k + 10 - 10*k - 2 + 11*k - 20*k + 8*k. Let w = 1 + -8. Let r be 2/7 - 54/w. Give n(r).
0
Let h(f) = -17*f**2 + 42*f - 71. Let k(q) = 21*q**2 - 48*q + 72. Let o(a) = 5*h(a) + 4*k(a). Determine o(8).
13
Let p(v) = -13*v**2 - 38*v + 65. Let j(b) = -5*b**2 - 13*b + 22. Let s(n) = -8*j(n) + 3*p(n). Calculate s(11).
30
Suppose 300 = 2*r - 0*r - 2*v, r - 147 = -2*v. Let d(h) = -r*h + 5 - 3 + 141*h. Calculate d(-4).
34
Let h(t) = -t**3 - 2. Suppose 4*b - 72 = 4*k, -18 = -b + 4*k - 0*k. Suppose 0 = -9*l + b. Suppose -5*u + 5*y = -10, l*y - 3*y = 2*u + 8. What is h(u)?
6
Let l(t) = -6*t**3 + 1 + 84*t - 15*t - t**2 - 22*t - 24*t - 24*t. Let r = 213 + -212. Determine l(r).
-7
Let n(q) be the first derivative of q**7/840 + 7*q**6/360 + q**5/24 - q**4/12 - 14*q**3/3 + q - 165. Let i(d) be the third derivative of n(d). Give i(-6).
4
Let f(o) = -6 + o**3 - 68096*o**2 + 3 - 3*o + 68095*o**2. Determine f(3).
6
Let x(k) = -k**3 + 16*k**2 + 11*k + 30. Let d(b) = 4*b**3 - 65*b**2 - 45*b - 123. Let y(v) = 2*d(v) + 9*x(v). Calculate y(15).
-66
Let b(v) = 7*v - 464 + 459 + 24*v - 42*v. Give b(10).
-115
Let z(b) be the second derivative of 3*b**3 - 195*b**2 + 4454*b. What is z(22)?
6
Let p(s) = s**3 + 11*s**2 + 15*s + 37. Suppose r + 354 = -x + 340, -2*x + 3*r - 8 = 0. Determine p(x).
-13
Let l(i) = -i**3 - 4*i**2. Let f(z) = -3*z**2 + 450*z - 890. Let u be f(148). What is l(u)?
-8
Let i(f) = -8*f**2 + 10*f + 41. Let u(j) be the second derivative of -5*j**4/12 + j**3 + 21*j**2/2 - 160*j. Let l(x) = 3*i(x) - 5*u(x). Determine l(0).
18
Suppose -x + 34 = -9*o + 5*o, -3*x + 5*o + 95 = 0. Suppose -x*p + 31*p = 1. Let j(w) = -15*w + 1. Give j(p).
-14
Suppose t + 3 = -i, -4*t = -9*t + 3*i - 23. Let v(o) = -41*o**2 + 5 + 4*o - 42*o**2 + 222*o**2 - 140*o**2. Determine v(t).
-27
Let i(j) = j**2 - 3*j - 4. Let o be 1/2*(7 + 5 + -8). Let g(x) = 2*x - 2*x**o + 3 - 2*x**2 + x**2 - 5. Let r be g(1). What is i(r)?
14
Let u(n) = -n**3 - 2*n**2 + 4*n + 9. Let g be u(-3). Let h(o) = 10 - 1 - 12 - g*o. Give h(-3).
15
Suppose -2*w - 19 = 10*c - 5*c, -2*c - 13 = -w. Let z(o) be the first derivative of -o**2 - 7*o + 15. What is z(c)?
3
Let n(w) = w**2 + w. Let j(z) = -z**3 + 2*z**2 + 2*z. Let a(o) = -j(o) + 2*n(o). Let s = 71 + -41. Suppose 22 = -8*i + s. Calculate a(i).
1
Let z = 67 - 65. Suppose 0*o - 12 = -5*o + q, z*o + 4*q + 4 = 0. Let k(v) = 3*v + 7. Let h(y) = -y - 3. Let s(t) = -9*h(t) - 4*k(t). Determine s(o).
-7
Let i(z) = z - 3. Let h(g) = -g**2 + 25*g - 44. Let n(j) = -h(j) + 11*i(j). Let m(y) = -2*y**3 - y**2 - 2*y - 2. Let x be m(-2). What is n(x)?
11
Let x = 789 - 779. Let k(i) = x - 3*i - i + 2*i + 4*i - 11. Give k(5).
9
Suppose n = 27*a - 30*a - 10, 38 = -3*n - 5*a. Let b(k) = -k**2 - 18*k - 28. What is b(n)?
4
Let l(b) = 5*b**2 + 6*b + 5. Let v(n) = 9*n**2 + 12*n + 9. Let a(c) = -7*l(c) + 4*v(c). Let o = 23 - 20. Suppose o + 5 = -2*r. Give a(r).
-7
Let u(i) be the third derivative of 1/8*i**4 + 0*i + 0 + 2/3*i**3 - 1/120*i**5 + 2*i**2. Let x(q) be the first derivative of u(q). What is x(5)?
-2
Let o(a) = 26*a + 1 - 388*a**2 + 129*a**2 + 132*a**2 - 14*a + 126*a**2. Let b be ((-6)/(-8))/(1/12). What is o(b)?
28
Let y(s) = -45*s + 789*s**2 - 1623*s**2 + 11*s + 833*s**2 